{"id":115,"date":"2021-03-13T10:12:41","date_gmt":"2021-03-13T10:12:41","guid":{"rendered":"https:\/\/www.gihemar.com\/web3\/?page_id=115"},"modified":"2024-09-13T07:30:32","modified_gmt":"2024-09-13T07:30:32","slug":"armallones","status":"publish","type":"page","link":"https:\/\/www.gihemar.com\/web3\/index.php\/armallones\/","title":{"rendered":"Armallones"},"content":{"rendered":"\n<p><strong>Promotor: Asociaci\u00f3n de propietarios de fincas r\u00fasticas de Armallones<\/strong><\/p>\n\n\n\n<p><strong>T\u00e9cnicos:<\/strong><\/p>\n\n\n\n<p>\u00c1ngel Cano Sanz &#8211; <a href=\"mailto:acano@gihemar.com\">acano@gihemar.com<\/a> <\/p>\n\n\n\n<p>Rebeca&nbsp;Piquero Rodr\u00edguez&nbsp; &#8211;&nbsp; &nbsp;<a href=\"mailto:rebeca@gihemar.com\">rebeca@gihemar.com<\/a>&nbsp;<\/p>\n\n\n\n<p><\/p>\n\n\n\n<p class=\"has-text-align-center has-medium-font-size\"><strong>AMOJONAMIENTO<\/strong><\/p>\n\n\n\n<p><\/p>\n\n\n\n<p class=\"has-text-align-center\"><strong>\u00a0<a href=\"http:\/\/gihemar.com\/pdf\/concentracion\/ARMALLONES\/AMOJ_GENERAL.pdf\">PLANO GENERAL<\/a><\/strong><\/p>\n\n\n\n<p class=\"has-text-align-center\">(para ver correctamente el n\u00famero de mojones deber\u00e1 descargarse el plano)<\/p>\n\n\n\n<p><\/p>\n\n\n\n<p><\/p>\n\n\n\n<p><\/p>\n\n\n\n<p class=\"has-text-align-center has-medium-font-size\"><strong>ACUERDO DE CONCENTRACI\u00d3N<\/strong><\/p>\n\n\n\n<p>Resoluci\u00f3n de 23\/02\/2021, de la Delegacion Provincial de Agricultura, Agua y Desarrollo Rural de Guadaljara, pro la qeu se ordena la publiaci\u00f3n del aviso relativo a la Resoluci\u00f3n de fecha de 22 de febrerio de 2021, por la que se aprueba el acuerdo de la concentraci\u00f3n parcelaria de car\u00e1cter privado de la zona de Armallones. <a href=\"http:\/\/gihemar.com\/pdf\/concentracion\/ARMALLONES\/7%20PUBLICACION%20ACUERDO.pdf\">D.O.C.M. N\u00ba 42 de 3 de marzo de 2021<\/a><\/p>\n\n\n\n<p><\/p>\n\n\n\n<p>PLANOS DEL ACUERDO:&nbsp;&nbsp;&nbsp;<\/p>\n\n\n\n<p><strong><a href=\"http:\/\/gihemar.com\/pdf\/concentracion\/ARMALLONES\/ACUERDO_P_102.pdf\">P-102<\/a>&nbsp;&nbsp;&nbsp;&nbsp;&nbsp;&nbsp;&nbsp; &nbsp;<a href=\"http:\/\/gihemar.com\/pdf\/concentracion\/ARMALLONES\/ACUERDO_P_103.pdf\">P-103<\/a>&nbsp;&nbsp;&nbsp;&nbsp;&nbsp;&nbsp;&nbsp;<a href=\"http:\/\/gihemar.com\/pdf\/concentracion\/ARMALLONES\/ACUERDO_P_104_.pdf\">P-104<\/a>&nbsp;&nbsp;&nbsp;&nbsp;&nbsp;&nbsp; <a href=\"http:\/\/gihemar.com\/pdf\/concentracion\/ARMALLONES\/ACUERDO_P_105.pdf\">P-105<\/a>&nbsp;&nbsp;&nbsp;&nbsp;&nbsp; &nbsp;<a href=\"http:\/\/gihemar.com\/pdf\/concentracion\/ARMALLONES\/ACUERDO_P_106.pdf\">P-106<\/a>&nbsp;&nbsp;&nbsp;&nbsp; &nbsp; <a href=\"http:\/\/gihemar.com\/pdf\/concentracion\/ARMALLONES\/ACUERDO_P_107.pdf\">P-107<\/a>&nbsp;&nbsp;&nbsp;&nbsp; &nbsp; <a href=\"http:\/\/gihemar.com\/pdf\/concentracion\/ARMALLONES\/ACUERDO_P_108.pdf\">P-108<\/a>&nbsp;&nbsp;&nbsp;&nbsp;&nbsp; &nbsp;<a href=\"http:\/\/gihemar.com\/pdf\/concentracion\/ARMALLONES\/ACUERDO_P_109.pdf\">P-109<\/a>&nbsp;&nbsp;&nbsp;&nbsp;&nbsp;&nbsp; <a href=\"http:\/\/gihemar.com\/pdf\/concentracion\/ARMALLONES\/ACUERDO_P_110.pdf\">P110&nbsp;<\/a>&nbsp;&nbsp;&nbsp;&nbsp; &nbsp;<a href=\"http:\/\/gihemar.com\/pdf\/concentracion\/ARMALLONES\/ACUERDO_P_111.pdf\">P-111<\/a>&nbsp;&nbsp;&nbsp; &nbsp;&nbsp; <a href=\"http:\/\/gihemar.com\/pdf\/concentracion\/ARMALLONES\/ACUERDO_P_112.pdf\">P-112<\/a><\/strong><\/p>\n\n\n\n<p><strong>&nbsp;<a href=\"http:\/\/gihemar.com\/pdf\/concentracion\/ARMALLONES\/GENERAL.pdf\">PLANO GENERAL<\/a><\/strong><\/p>\n\n\n\n<p><\/p>\n\n\n\n<p>&nbsp;PLANOS ACUERDO CON FONDO PARCELARIO CATASTRAL<\/p>\n\n\n\n<p><strong>&nbsp;<a href=\"http:\/\/gihemar.com\/pdf\/concentracion\/ARMALLONES\/ACUERDO_P_102_FP.pdf\">P-102<\/a>&nbsp;&nbsp;&nbsp;&nbsp;&nbsp;&nbsp; <a href=\"http:\/\/gihemar.com\/pdf\/concentracion\/ARMALLONES\/ACUERDO_P_103_FP.pdf\">P-103<\/a>&nbsp;&nbsp;&nbsp;&nbsp;&nbsp;&nbsp; <a href=\"http:\/\/gihemar.com\/pdf\/concentracion\/ARMALLONES\/ACUERDO_P_104_FP.pdf\">P-104<\/a>&nbsp;&nbsp;&nbsp;&nbsp;&nbsp; <a href=\"http:\/\/gihemar.com\/pdf\/concentracion\/ARMALLONES\/ACUERDO_P_105_FP.pdf\">P-105<\/a>&nbsp;&nbsp;&nbsp;&nbsp;&nbsp; <a href=\"http:\/\/gihemar.com\/pdf\/concentracion\/ARMALLONES\/ACUERDO_P_106_FP.pdf\">P-106<\/a>&nbsp;&nbsp;&nbsp;&nbsp;&nbsp;&nbsp; <a href=\"http:\/\/gihemar.com\/pdf\/concentracion\/ARMALLONES\/ACUERDO_P_107_FP.pdf\">P-107<\/a>&nbsp;&nbsp;&nbsp;&nbsp;&nbsp; <a href=\"http:\/\/gihemar.com\/pdf\/concentracion\/ARMALLONES\/ACUERDO_P_108_FP.pdf\">P-108<\/a>&nbsp;&nbsp;&nbsp;&nbsp;&nbsp;&nbsp; <a href=\"http:\/\/gihemar.com\/pdf\/concentracion\/ARMALLONES\/ACUERDO_P_109_FP.pdf\">P-109<\/a>&nbsp;&nbsp;&nbsp;&nbsp;&nbsp;&nbsp; <a href=\"http:\/\/gihemar.com\/pdf\/concentracion\/ARMALLONES\/ACUERDO_P_110_FP.pdf\">P-110<\/a>&nbsp;&nbsp;&nbsp;&nbsp;&nbsp;&nbsp; <a href=\"http:\/\/gihemar.com\/pdf\/concentracion\/ARMALLONES\/ACUERDO_P_111_FP.pdf\">P-111<\/a>&nbsp;&nbsp;&nbsp;&nbsp;&nbsp;&nbsp; <a href=\"http:\/\/gihemar.com\/pdf\/concentracion\/ARMALLONES\/ACUERDO_P_112_FP.pdf\">P-112<\/a><\/strong><\/p>\n\n\n\n<p><\/p>\n\n\n\n<p><\/p>\n\n\n\n<p class=\"has-text-align-center\">______________________________________________________________________________________________________________________________<\/p>\n\n\n\n<p><\/p>\n\n\n\n<p>PLANO PER\u00cdMETRO DE CONCENTRACI\u00d3N<\/p>\n\n\n\n<p>PLANO GENERAL CON EL&nbsp; PER\u00cdMETRO DE CONCENTRACI\u00d3N PARCELARIA DE ARMALLONES, INCLUIDAS LAS MODIFICACIONES SURGIDAS POR EL DESLINDE DE LOS M.U.P<\/p>\n\n\n\n<p>&nbsp;<a href=\"http:\/\/gihemar.com\/pdf\/concentracion\/ARMALLONES\/GENERAL_BORRADOR_DEFINITIVO\"><strong>PLANO GENERAL<\/strong><\/a><\/p>\n\n\n\n<p><\/p>\n\n\n\n<p class=\"has-text-align-center\">______________________________________________________________________________________________________________________________<\/p>\n\n\n\n<p>Para llevar a cabo la clasificaci\u00f3n de tierras de la zona de Armallones, se fijaron por la Junta de Clasificaci\u00f3n SEIS clases, en las que han sido clasificadas todas las parcelas de la zona incluidas en concentraci\u00f3n.<\/p>\n\n\n\n<p>Asimismo, han sido fijados los coeficientes (ptos\/m2) que servir\u00e1n de base para hacer las compensaciones de tierra cuando sea necesario:<\/p>\n\n\n\n<p class=\"has-text-align-center\"><strong>SECANO<\/strong><\/p>\n\n\n\n<p class=\"has-text-align-center\">Clase 1\u00aa&#8230;&#8230;&#8230;&#8230;&#8230;&#8230;&#8230;&#8230;&#8230;&#8230;&#8230;&#8230;&#8230;&#8230;&#8230;&#8230;&#8230;&#8230;&#8230; 1.00 ptos\/m<sup>2<\/sup><\/p>\n\n\n\n<p class=\"has-text-align-center\">Clase 2\u00aa&#8230;&#8230;&#8230;&#8230;&#8230;&#8230;&#8230;&#8230;&#8230;&#8230;&#8230;&#8230;&#8230;&#8230;&#8230;&#8230;&#8230;&#8230;&#8230; 0.85 ptos\/m<sup>2<\/sup><\/p>\n\n\n\n<p class=\"has-text-align-center\">Clase 3\u00aa&#8230;&#8230;&#8230;&#8230;&#8230;&#8230;&#8230;&#8230;&#8230;&#8230;&#8230;&#8230;&#8230;&#8230;&#8230;&#8230;&#8230;&#8230;&#8230; 0.70 ptos\/m<sup>2<\/sup><\/p>\n\n\n\n<p class=\"has-text-align-center\">Clase 4\u00aa&#8230;&#8230;&#8230;&#8230;&#8230;&#8230;&#8230;&#8230;&#8230;&#8230;&#8230;&#8230;&#8230;&#8230;&#8230;&#8230;&#8230;&#8230;&#8230; 0.50 ptos\/m<sup>2<\/sup><\/p>\n\n\n\n<p class=\"has-text-align-center\">Clase 5\u00aa&#8230;&#8230;&#8230;&#8230;&#8230;&#8230;&#8230;&#8230;&#8230;&#8230;&#8230;&#8230;&#8230;&#8230;&#8230;&#8230;&#8230;&#8230;&#8230; 0.20 ptos\/m<sup>2<\/sup><\/p>\n\n\n\n<p class=\"has-text-align-center\">Clase 6\u00aa&#8230;&#8230;&#8230;&#8230;&#8230;&#8230;&#8230;&#8230;&#8230;&#8230;&#8230;&#8230;&#8230;&#8230;&#8230;&#8230;&#8230;&#8230;&#8230; 0.10 ptos\/m<sup>2<\/sup><\/p>\n\n\n\n<p><\/p>\n\n\n\n<p><\/p>\n\n\n\n<p>PLANOS BASES<\/p>\n\n\n\n<p><strong><a href=\"http:\/\/gihemar.com\/pdf\/concentracion\/ARMALLONES\/POLIG_1_BASES_MODIF.pdf\">P-1<\/a>&nbsp;&nbsp;&nbsp;&nbsp;&nbsp; <a href=\"http:\/\/gihemar.com\/pdf\/concentracion\/ARMALLONES\/POLIG_2_BASES_MODIF.pdf\">P-2<\/a>&nbsp;&nbsp;&nbsp;&nbsp;&nbsp; <a href=\"http:\/\/gihemar.com\/pdf\/concentracion\/ARMALLONES\/POLIG_3_BASES_MODIF.pdf\">P-3<\/a>&nbsp;&nbsp;&nbsp;&nbsp;&nbsp; <a href=\"http:\/\/gihemar.com\/pdf\/concentracion\/ARMALLONES\/POLIG_4_BASES_MODIF.pdf\">P-4<\/a>&nbsp;&nbsp;&nbsp;&nbsp;&nbsp; <a href=\"http:\/\/gihemar.com\/pdf\/concentracion\/ARMALLONES\/POLIG_5_BASES_MODIF.pdf\">P-5<\/a>&nbsp;&nbsp;&nbsp;&nbsp;&nbsp; <a href=\"http:\/\/gihemar.com\/pdf\/concentracion\/ARMALLONES\/POLIG_6_BASES_MODIF.pdf\">P-6<\/a>&nbsp;&nbsp;&nbsp;&nbsp;&nbsp; <a href=\"http:\/\/gihemar.com\/pdf\/concentracion\/ARMALLONES\/POLIG_7_BASES_MODIF.pdf\">P-7&nbsp;&nbsp;<\/a>&nbsp;&nbsp;&nbsp; <a href=\"http:\/\/gihemar.com\/pdf\/concentracion\/ARMALLONES\/POLIG_8_BASES_MODIF.pdf\">P-8<\/a>&nbsp;&nbsp;&nbsp;&nbsp;&nbsp; <a href=\"http:\/\/gihemar.com\/pdf\/concentracion\/ARMALLONES\/POLIG_9_BASES_MODIF.pdf\">P-9<\/a>&nbsp;&nbsp;&nbsp;&nbsp;&nbsp; <a href=\"http:\/\/gihemar.com\/pdf\/concentracion\/ARMALLONES\/POLIG_10_BASES_MODIF.pdf\">P-10<\/a>&nbsp;&nbsp;&nbsp;&nbsp;&nbsp; <a href=\"http:\/\/gihemar.com\/pdf\/concentracion\/ARMALLONES\/POLIG_11_BASES_MODIF.pdf\">P-11<\/a>&nbsp;&nbsp;&nbsp;&nbsp;&nbsp; <a href=\"http:\/\/gihemar.com\/pdf\/concentracion\/ARMALLONES\/POLIG_12_BASES_MODIF.pdf\">P-12<\/a><\/strong><\/p>\n\n\n\n<p><br><br><strong>\u00b7 <\/strong><strong>Promotor:<\/strong> Asociaci\u00f3n de propietarios de fincas r\u00fasticas de Armallones<br><br><strong>\u00b7 <\/strong>Presentaci\u00f3n de la Solicitud: <em><strong>27 &#8211; febrero &#8211; 2004<\/strong><\/em><\/p>\n\n\n\n<p>\u00b7 Resoluci\u00f3n Aprobatoria:<strong><em> 5 &#8211; agosto &#8211; 2005<\/em><\/strong> por la Direcci\u00f3n General de Producci\u00f3n Agropecuaria<\/p>\n\n\n\n<p><em>\u00b7 Publicaci\u00f3n Resoluci\u00f3n:<\/em> <em><strong>30 &#8211; agosto &#8211; 2004<\/strong><\/em>,&nbsp; <a href=\"http:\/\/gihemar.com\/pdf\/concentracion\/ARMALLONES\/DOCM.pdf\">D.O.C.M. n\u00ba 158<\/a><\/p>\n\n\n\n<p><strong>ENTREGA DE BASES &#8211;<\/strong><\/p>\n\n\n\n<p>&#8211; PRESENTACI\u00d3N DE LAS BASES:<\/p>\n\n\n\n<p>&#8211; RESOLUCI\u00d3N APROBATORIA: 4 \/ ABRIL \/ 2007<\/p>\n\n\n\n<p>&#8211; PUBLICACI\u00d3N RESOLUCI\u00d3N: 27 \/ ABRIL \/ 2007&nbsp; <a href=\"http:\/\/gihemar.com\/pdf\/concentracion\/ARMALLONES\/bases_armallones.pdf\">D.O.C.M 88<\/a><\/p>\n\n\n\n<p><strong>\u00b7 Pr\u00f3ximas actuaciones:<\/strong><\/p>\n\n\n\n<p><strong>AMOJONAMIENTO<\/strong> (Tras aprobaci\u00f3n del acuerdo)<\/p>\n","protected":false},"excerpt":{"rendered":"<p>Promotor: Asociaci\u00f3n de propietarios de fincas r\u00fasticas de Armallones T\u00e9cnicos: \u00c1ngel Cano Sanz &#8211; acano@gihemar.com Rebeca&nbsp;Piquero Rodr\u00edguez&nbsp; &#8211;&nbsp; &nbsp;rebeca@gihemar.com&nbsp; AMOJONAMIENTO \u00a0PLANO GENERAL (para ver correctamente el n\u00famero de mojones deber\u00e1 descargarse el plano) ACUERDO DE CONCENTRACI\u00d3N Resoluci\u00f3n de 23\/02\/2021, de la Delegacion Provincial de Agricultura, Agua y Desarrollo Rural de Guadaljara, pro la qeu se [&hellip;]<\/p>\n","protected":false},"author":2,"featured_media":0,"parent":0,"menu_order":0,"comment_status":"closed","ping_status":"closed","template":"","meta":{"footnotes":""},"class_list":["post-115","page","type-page","status-publish","hentry"],"_links":{"self":[{"href":"https:\/\/www.gihemar.com\/web3\/index.php\/wp-json\/wp\/v2\/pages\/115","targetHints":{"allow":["GET"]}}],"collection":[{"href":"https:\/\/www.gihemar.com\/web3\/index.php\/wp-json\/wp\/v2\/pages"}],"about":[{"href":"https:\/\/www.gihemar.com\/web3\/index.php\/wp-json\/wp\/v2\/types\/page"}],"author":[{"embeddable":true,"href":"https:\/\/www.gihemar.com\/web3\/index.php\/wp-json\/wp\/v2\/users\/2"}],"replies":[{"embeddable":true,"href":"https:\/\/www.gihemar.com\/web3\/index.php\/wp-json\/wp\/v2\/comments?post=115"}],"version-history":[{"count":19,"href":"https:\/\/www.gihemar.com\/web3\/index.php\/wp-json\/wp\/v2\/pages\/115\/revisions"}],"predecessor-version":[{"id":760,"href":"https:\/\/www.gihemar.com\/web3\/index.php\/wp-json\/wp\/v2\/pages\/115\/revisions\/760"}],"wp:attachment":[{"href":"https:\/\/www.gihemar.com\/web3\/index.php\/wp-json\/wp\/v2\/media?parent=115"}],"curies":[{"name":"wp","href":"https:\/\/api.w.org\/{rel}","templated":true}]}}