{"id":117,"date":"2021-03-13T10:12:50","date_gmt":"2021-03-13T10:12:50","guid":{"rendered":"https:\/\/www.gihemar.com\/web3\/?page_id=117"},"modified":"2021-04-07T08:16:32","modified_gmt":"2021-04-07T08:16:32","slug":"baides","status":"publish","type":"page","link":"https:\/\/www.gihemar.com\/web3\/index.php\/baides\/","title":{"rendered":"Baides"},"content":{"rendered":"\n<h2 class=\"wp-block-heading\">Baides<\/h2>\n\n\n\n<p><strong>\u00b7 T\u00e9cnico:<\/strong><\/p>\n\n\n\n<p>\u00c1ngel Cano Sanz &#8211; <a href=\"mailto:acano@gihemar.com\">acano@gihemar.com<\/a> Esta direcci\u00f3n electr\u00f3nica esta protegida contra spam bots. Necesita activar JavaScript para visualizarla<\/p>\n\n\n\n<p><strong>Promotor:<\/strong> Asociaci\u00f3n de Propietarios del T\u00e9rmino Municipal de Baides\u00b7 Presentaci\u00f3n de la Solicitud: <em><strong>21 &#8211; junio &#8211; 2002<\/strong><\/em><\/p>\n\n\n\n<p>\u00b7 Resoluci\u00f3n Aprobatoria: <strong><em>6 &#8211; mayo &#8211; 2003<\/em><\/strong> por la Direcci\u00f3n General de Desarrollo Rural<\/p>\n\n\n\n<p>\u00b7 Publicaci\u00f3n Resoluci\u00f3n: <strong><em>21 &#8211; mayo &#8211; 2003<\/em><\/strong>, <a href=\"http:\/\/gihemar.com\/pdf\/concentracion\/BAIDES\/docm73baides.pdf\">D.O.C.M. n\u00ba 73<\/a><\/p>\n\n\n\n<p>La concentraci\u00f3n parcelaria de car\u00e1cter privado de la zona de Baides (Guadalajara) fue autorizada por Resoluci\u00f3n de<br>la Direcci\u00f3n General de Desarrollo Rural de 6 de mayo de 2003, publicada en el DOCM n\u00famero 73, de 21 de mayo de<br>2003, y en el tabl\u00f3n de anuncios del Ayuntamiento de Baides durante los d\u00edas 26, 27 y 28 de mayo de 2003, sin que haya<br>constancia de la interposici\u00f3n de recurso alguno.<\/p>\n\n\n\n<p><br>Por Resoluci\u00f3n de 5 de mayo de 2004, la Direcci\u00f3n General de Producci\u00f3n Agropecuaria prorrog\u00f3 el plazo para la presentaci\u00f3n<br>de las correspondientes Bases.<\/p>\n\n\n\n<p><br>La Direcci\u00f3n General de Calidad Ambiental, de la Consejer\u00eda de Medio Ambiente, en Resoluci\u00f3n de 3 de junio de 2004,<br>publicada en el DOCM n\u00famero 116 de 1 de julio de 2004, determin\u00f3 que no es necesario someter la concentraci\u00f3n parcelaria<br>de referencia a Evaluaci\u00f3n Ambiental Preliminar, siempre que se lleve a cabo seg\u00fan los t\u00e9rminos establecidos en<br>el Informe Ambiental presentado por el promotor, que es la Asociaci\u00f3n de Propietarios del t\u00e9rmino municipal de Baides<br>(Guadalajara).<\/p>\n\n\n\n<p><br>Las Bases de la concentraci\u00f3n fueron aprobadas por la Direcci\u00f3n General de Mejora de Explotaciones Agrarias, mediante<br>Resoluci\u00f3n de 21 de noviembre de 2005, publicada en el DOCM n\u00famero 255, de 20 de diciembre de 2005, y en<br>el tabl\u00f3n de anuncios del Ayuntamiento de Baides durante los d\u00edas 19, 20 y 21 de diciembre de 2005, habiendo sido<br>declaradas firmes en v\u00eda administrativa el 8 de agosto de 2006.<\/p>\n\n\n\n<p><br>Por Resoluci\u00f3n de la Consejer\u00eda de Agricultura, de 30 de abril de 2008, se aprob\u00f3 el Plan de obras de infraestructuras<br>inherentes a la concentraci\u00f3n parcelaria.<\/p>\n\n\n\n<p><br>La Delegaci\u00f3n Provincial de Agricultura y Desarrollo Rural de Guadalajara, el 3 de marzo de 2009, inform\u00f3 favorablemente<br>el Acuerdo de concentraci\u00f3n, que hab\u00eda sido presentado el 26 de febrero de 2009 por la Asociaci\u00f3n promotora,<br>y propuso su aprobaci\u00f3n.<\/p>\n\n\n\n<ul class=\"wp-block-list\"><li><strong>ACUERDO DE CONCENTRACI\u00d3N<\/strong><\/li><\/ul>\n\n\n\n<p>&#8211; RESOLUCI\u00d3N APROBATORIA: <strong>31 &#8211; MARZO- 2009<\/strong> de la Direcci\u00f3n General de Desarrollo Rural.<\/p>\n\n\n\n<p>&#8211; PUBLICACI\u00d3N RESOLUCI\u00d3N: <strong>5 de Mayo del 2009<\/strong>. <a href=\"http:\/\/gihemar.com\/pdf\/concentracion\/BAIDES\/ACUERDO\/RESOLUCION_APROBADO_ACUERDO\">D.O.C.M N\u00ba 84<\/a><\/p>\n","protected":false},"excerpt":{"rendered":"<p>Baides \u00b7 T\u00e9cnico: \u00c1ngel Cano Sanz &#8211; acano@gihemar.com Esta direcci\u00f3n electr\u00f3nica esta protegida contra spam bots. Necesita activar JavaScript para visualizarla Promotor: Asociaci\u00f3n de Propietarios del T\u00e9rmino Municipal de Baides\u00b7 Presentaci\u00f3n de la Solicitud: 21 &#8211; junio &#8211; 2002 \u00b7 Resoluci\u00f3n Aprobatoria: 6 &#8211; mayo &#8211; 2003 por la Direcci\u00f3n General de Desarrollo Rural \u00b7 [&hellip;]<\/p>\n","protected":false},"author":2,"featured_media":0,"parent":0,"menu_order":0,"comment_status":"closed","ping_status":"closed","template":"","meta":{"footnotes":""},"class_list":["post-117","page","type-page","status-publish","hentry"],"_links":{"self":[{"href":"https:\/\/www.gihemar.com\/web3\/index.php\/wp-json\/wp\/v2\/pages\/117","targetHints":{"allow":["GET"]}}],"collection":[{"href":"https:\/\/www.gihemar.com\/web3\/index.php\/wp-json\/wp\/v2\/pages"}],"about":[{"href":"https:\/\/www.gihemar.com\/web3\/index.php\/wp-json\/wp\/v2\/types\/page"}],"author":[{"embeddable":true,"href":"https:\/\/www.gihemar.com\/web3\/index.php\/wp-json\/wp\/v2\/users\/2"}],"replies":[{"embeddable":true,"href":"https:\/\/www.gihemar.com\/web3\/index.php\/wp-json\/wp\/v2\/comments?post=117"}],"version-history":[{"count":3,"href":"https:\/\/www.gihemar.com\/web3\/index.php\/wp-json\/wp\/v2\/pages\/117\/revisions"}],"predecessor-version":[{"id":398,"href":"https:\/\/www.gihemar.com\/web3\/index.php\/wp-json\/wp\/v2\/pages\/117\/revisions\/398"}],"wp:attachment":[{"href":"https:\/\/www.gihemar.com\/web3\/index.php\/wp-json\/wp\/v2\/media?parent=117"}],"curies":[{"name":"wp","href":"https:\/\/api.w.org\/{rel}","templated":true}]}}