{"id":141,"date":"2021-03-13T10:14:54","date_gmt":"2021-03-13T10:14:54","guid":{"rendered":"https:\/\/www.gihemar.com\/web3\/?page_id=141"},"modified":"2021-03-15T15:55:06","modified_gmt":"2021-03-15T15:55:06","slug":"santa-maria-del-espino","status":"publish","type":"page","link":"https:\/\/www.gihemar.com\/web3\/index.php\/santa-maria-del-espino\/","title":{"rendered":"Santa Mar\u00eda del Espino"},"content":{"rendered":"\n<h2 class=\"wp-block-heading\">SANTA MAR\u00cdA DEL ESPINO<\/h2>\n\n\n\n<p><strong>\u00b7 T\u00e9cnicos:<\/strong><\/p>\n\n\n\n<p>\u00c1ngel Cano Sanz &#8211; <a href=\"mailto:acano@gihemar.com\">acano@gihemar.com<\/a> Esta direcci\u00f3n electr\u00f3nica esta protegida contra spam bots. Necesita activar JavaScript para visualizarla<\/p>\n\n\n\n<p>Rebeca Piquero Rodr\u00edguez &#8211; <a href=\"http:\/\/mce_host\/web1\/mail%20to:%20rebeca@gihemar.com\">rebeca@gihemar.com<\/a><\/p>\n\n\n\n<hr class=\"wp-block-separator\"\/>\n\n\n\n<p><br><strong>\u00b7 <\/strong><strong>Promotor:<\/strong> Asociaci\u00f3n Vega Santa Mar\u00eda del Espino<\/p>\n\n\n\n<p><strong>\u00b7 Presentaci\u00f3n de la Solicitud:<\/strong> 28 &#8211; febrero &#8211; 2006<\/p>\n\n\n\n<p><strong>\u00b7 Resoluci\u00f3n Aprobatoria:<\/strong> 13 &#8211; diciembre &#8211; 2006 por la Direcci\u00f3n General de Producci\u00f3n Agropecuaria<\/p>\n\n\n\n<p><strong>\u00b7 <\/strong><strong>Publicaci\u00f3n Resoluci\u00f3n:<\/strong> 22 &#8211; diciembre &#8211; 2006, <a href=\"http:\/\/gihemar.com\/pdf\/concentracion\/SANTA-MARIA-DEL-ESPINO\/resolucion.pdf\">D.O.C.M. n\u00ba 265<\/a><\/p>\n\n\n\n<hr class=\"wp-block-separator\"\/>\n\n\n\n<p>&nbsp;<strong>AMOJONAMIENTO<\/strong><\/p>\n\n\n\n<p><strong><a href=\"http:\/\/gihemar.com\/pdf\/concentracion\/SANTA-MARIA-DEL-ESPINO\/P-101\">P101<\/a>&nbsp;&nbsp;&nbsp;&nbsp;&nbsp;&nbsp; <a href=\"http:\/\/gihemar.com\/pdf\/concentracion\/SANTA-MARIA-DEL-ESPINO\/P-102\">P102<\/a>&nbsp;&nbsp;&nbsp;&nbsp;&nbsp;&nbsp; <a href=\"http:\/\/gihemar.com\/pdf\/concentracion\/SANTA-MARIA-DEL-ESPINO\/P-556\">P556<\/a>&nbsp;<\/strong><\/p>\n\n\n\n<hr class=\"wp-block-separator\"\/>\n\n\n\n<p><strong>RESOLUCI\u00d3N APROBATORIA DEL ACUERDO DE CONCENTRACI\u00d3N:<\/strong><\/p>\n\n\n\n<p>El <strong>Acuerdo de Concentraci\u00f3n Parcelaria<\/strong> ha sido <strong>aprobado<\/strong> por la Direcci\u00f3n General de Desarrollo Rural de Castilla la Mancha a fecha 24\/08\/2016. Dicha Resoluci\u00f3n se ha publicado oficialmente el 15 de septiembre de 2016 &#8211; DOCM n\u00ba181. Se adjunta el pdf de la resoluci\u00f3n y los planos.<\/p>\n\n\n\n<p>RESOLUCI\u00d3N&nbsp; DOCM:<a href=\"http:\/\/docm.castillalamancha.es\/portaldocm\/descargarArchivo.do?ruta=2016\/09\/15\/pdf\/2016_9632.pdf&amp;tipo=rutaDocm\">&nbsp;Resolucion publicada el 15 -09-2016<\/a><\/p>\n\n\n\n<p>Planos de las nuevas fincas SIN parcelas antiguas:<a href=\"https:\/\/www.gihemar.com\/cartodigital\/gis\/temp\/SANTAMARIADELESPINO\/GENERAL.pdf\">GENERAL,\u00a0 <\/a><a href=\"https:\/\/www.gihemar.com\/cartodigital\/gis\/temp\/SANTAMARIADELESPINO\/POLIGONO_1.pdf\">POL\u00cdGONO 1<\/a>, <a href=\"https:\/\/www.gihemar.com\/cartodigital\/gis\/temp\/SANTAMARIADELESPINO\/POLIGONO_2.pdf\">POL\u00cdGONO 2<\/a>, <a href=\"https:\/\/www.gihemar.com\/cartodigital\/gis\/temp\/SANTAMARIADELESPINO\/POLIGONO_556.pdf\">POL\u00cdGONO 556<\/a><\/p>\n\n\n\n<p>Planos de las nuevas fincas CON parcelas antiguas:<a href=\"https:\/\/www.gihemar.com\/cartodigital\/gis\/temp\/SANTAMARIADELESPINO\/POLIGONO_1_FP.pdf\">POL\u00cdGONO 1<\/a>, <a href=\"https:\/\/www.gihemar.com\/cartodigital\/gis\/temp\/SANTAMARIADELESPINO\/POLIGONO_2_FP.pdf\">POL\u00cdGONO 2<\/a>, <a href=\"https:\/\/www.gihemar.com\/cartodigital\/gis\/temp\/SANTAMARIADELESPINO\/POLIGONO_556_FP.pdf\">POL\u00cdGONO 556<\/a><\/p>\n\n\n\n<hr class=\"wp-block-separator\"\/>\n\n\n\n<p><strong>RESOLUCI\u00d3N APROBATORIA DE LAS BASES DE CONCENTRACI\u00d3N:<\/strong><\/p>\n\n\n\n<p><strong>Las Bases de Concentraci\u00f3n Parcelaria de car\u00e1cter privado de Santa Mar\u00eda del Espino, t\u00e9rmino Municipal de Anguita han sido aprobadas el 27\/07\/2011 y publicadas en el D.O.C.M n\u00ba 155 el 9 de Agosto del 2011.<\/strong><\/p>\n\n\n\n<p>Presentaci\u00f3n de las Bases: <strong>14 de Julio de 2010.<\/strong><\/p>\n\n\n\n<p>Resoluci\u00f3n aprobatoria: <strong>27 de Julio del 2011.<\/strong><\/p>\n\n\n\n<p>Publicaci\u00f3n de la Resoluci\u00f3n: <a href=\"http:\/\/gihemar.com\/pdf\/concentracion\/SANTA-MARIA-DEL-ESPINO\/DOCM_APROBACION_BASES_STA_MARIA\"><strong>D.O.C.M, N\u00ba 155&nbsp; de 9 de Agosto de 2011.<\/strong><\/a><\/p>\n\n\n\n<p>Planos: <a href=\"http:\/\/gihemar.com\/pdf\/concentracion\/SANTA-MARIA-DEL-ESPINO\/GENERAL_BASES_DEFINITIVO\">Plano General<\/a>, <a href=\"http:\/\/gihemar.com\/pdf\/concentracion\/SANTA-MARIA-DEL-ESPINO\/POLIGONO_1\">Pol\u00edgono 1<\/a>, <a href=\"http:\/\/gihemar.com\/pdf\/concentracion\/SANTA-MARIA-DEL-ESPINO\/POLIGONO_2\">Pol\u00edgono 2<\/a>, <a href=\"http:\/\/gihemar.com\/pdf\/concentracion\/SANTA-MARIA-DEL-ESPINO\/POLIGONO_556\">Pol\u00edgono 556<\/a><\/p>\n","protected":false},"excerpt":{"rendered":"<p>SANTA MAR\u00cdA DEL ESPINO \u00b7 T\u00e9cnicos: \u00c1ngel Cano Sanz &#8211; acano@gihemar.com Esta direcci\u00f3n electr\u00f3nica esta protegida contra spam bots. Necesita activar JavaScript para visualizarla Rebeca Piquero Rodr\u00edguez &#8211; rebeca@gihemar.com \u00b7 Promotor: Asociaci\u00f3n Vega Santa Mar\u00eda del Espino \u00b7 Presentaci\u00f3n de la Solicitud: 28 &#8211; febrero &#8211; 2006 \u00b7 Resoluci\u00f3n Aprobatoria: 13 &#8211; diciembre &#8211; 2006 [&hellip;]<\/p>\n","protected":false},"author":2,"featured_media":0,"parent":0,"menu_order":0,"comment_status":"closed","ping_status":"closed","template":"","meta":{"footnotes":""},"class_list":["post-141","page","type-page","status-publish","hentry"],"_links":{"self":[{"href":"https:\/\/www.gihemar.com\/web3\/index.php\/wp-json\/wp\/v2\/pages\/141","targetHints":{"allow":["GET"]}}],"collection":[{"href":"https:\/\/www.gihemar.com\/web3\/index.php\/wp-json\/wp\/v2\/pages"}],"about":[{"href":"https:\/\/www.gihemar.com\/web3\/index.php\/wp-json\/wp\/v2\/types\/page"}],"author":[{"embeddable":true,"href":"https:\/\/www.gihemar.com\/web3\/index.php\/wp-json\/wp\/v2\/users\/2"}],"replies":[{"embeddable":true,"href":"https:\/\/www.gihemar.com\/web3\/index.php\/wp-json\/wp\/v2\/comments?post=141"}],"version-history":[{"count":3,"href":"https:\/\/www.gihemar.com\/web3\/index.php\/wp-json\/wp\/v2\/pages\/141\/revisions"}],"predecessor-version":[{"id":334,"href":"https:\/\/www.gihemar.com\/web3\/index.php\/wp-json\/wp\/v2\/pages\/141\/revisions\/334"}],"wp:attachment":[{"href":"https:\/\/www.gihemar.com\/web3\/index.php\/wp-json\/wp\/v2\/media?parent=141"}],"curies":[{"name":"wp","href":"https:\/\/api.w.org\/{rel}","templated":true}]}}