{"id":143,"date":"2021-03-13T10:15:04","date_gmt":"2021-03-13T10:15:04","guid":{"rendered":"https:\/\/www.gihemar.com\/web3\/?page_id=143"},"modified":"2021-03-15T15:43:56","modified_gmt":"2021-03-15T15:43:56","slug":"villacadima","status":"publish","type":"page","link":"https:\/\/www.gihemar.com\/web3\/index.php\/villacadima\/","title":{"rendered":"Villacadima"},"content":{"rendered":"\n<figure class=\"wp-block-table\"><table><tbody><tr><td>Villacadima &#8211; T. M. Cantalojas<\/td><td><a href=\"..\/www-new\/index.php?view=article&amp;catid=22%3Aguadalajara&amp;id=34%3Avillacadima&amp;format=pdf&amp;option=com_content&amp;Itemid=59\"><\/a><\/td><td><a href=\"..\/www-new\/index.php?view=article&amp;catid=22%3Aguadalajara&amp;id=34%3Avillacadima&amp;tmpl=component&amp;print=1&amp;layout=default&amp;page=&amp;option=com_content&amp;Itemid=59\"><\/a><\/td><td><a href=\"..\/www-new\/index.php?option=com_mailto&amp;tmpl=component&amp;link=aHR0cDovL3d3dy5naWhlbWFyLmNvbS93d3ctbmV3L2luZGV4LnBocD9vcHRpb249Y29tX2NvbnRlbnQmdmlldz1hcnRpY2xlJmlkPTM0OnZpbGxhY2FkaW1hJmNhdGlkPTIyOmd1YWRhbGFqYXJhJkl0ZW1pZD01OQ==\"><\/a><\/td><\/tr><\/tbody><\/table><\/figure>\n\n\n\n<h2 class=\"wp-block-heading\"><img loading=\"lazy\" decoding=\"async\" alt=\" \" src=\"..\/www-new\/imagpueblos\/VILLACADIMA.jpg\" width=\"133\" height=\"99\">VILLACADIMA<\/h2>\n\n\n\n<p><strong>\u00b7 <\/strong><strong>Promotor:<\/strong> Asociaci\u00f3n Cadima<\/p>\n\n\n\n<p><strong>\u00b7 T\u00e9cnico:<\/strong><\/p>\n\n\n\n<p>\u00c1ngel Cano Sanz &#8211; <a href=\"mailto:acano@gihemar.com\">acano@gihemar.com<\/a> Esta direcci\u00f3n electr\u00f3nica esta protegida contra spam bots. Necesita activar JavaScript para visualizarla<\/p>\n\n\n\n<p>Rebeca Piquero Rodr\u00edguez &#8211; <a href=\"http:\/\/mce_host\/web1\/mail%20to:%20rebeca@gihemar.com\">rebeca@gihemar.com<\/a><\/p>\n\n\n\n<p><strong>\u00b7 Presentaci\u00f3n de la Solicitud:<\/strong>20 &#8211; junio &#8211; 2002<\/p>\n\n\n\n<p><strong>\u00b7 Resoluci\u00f3n Aprobatoria:<\/strong> 6 &#8211; mayo &#8211; 2003 por la Direcci\u00f3n General de Desarrollo Rural<\/p>\n\n\n\n<p><strong>\u00b7 <\/strong><strong>Publicaci\u00f3n Resoluci\u00f3n:<\/strong> 21 &#8211; mayo &#8211; 2003, <a href=\"..\/temp\/pdf\/concentracion\/VILLACADIMA\/P-101_GIRADO_FP\">D.O.C.M. n\u00ba<\/a><\/p>\n\n\n\n<hr class=\"wp-block-separator\"\/>\n\n\n\n<p><strong>TOMA DE POSESI\u00d3N&nbsp;<\/strong><\/p>\n\n\n\n<p><a href=\"https:\/\/docm.castillalamancha.es\/portaldocm\/descargarArchivo.do?ruta=2020\/07\/21\/pdf\/2020_4743.pdf&amp;tipo=rutaDocm\">PUBLICACI\u00d3N EN EL DOCM DE LA TOMA DE POSESI\u00d3N<\/a><\/p>\n\n\n\n<p>SE CONVOCA A TODOS LOS SOCIOS PARTICIPANTES DEL PROCESO DE CONCENTRACI\u00d3N PARCELARIA DE CAR\u00c1CTER PRIVADO DE LA ZONA DE VILLACADIMA, PARA EL ACTO DE TOMA DE POSESI\u00d3N DE LAS NUEVAS FINCAS DE REEMPLAZO ADJUDICADAS,EL S\u00c1BADO 22 DE AGOSTO DE 2020 A LAS 11:00 HORAS, EN LAS INSTALACIONES DEL ANTIGUO AYUNTAMIENTO DE VILLACADIMA.<\/p>\n\n\n\n<p>TODOS DEBER\u00c1N ACUDIR CON MASCARILLA, GUARDAR LAS MEDIDAS DE SEGURIDAD HIGI\u00c9NICAS GENERALES Y\/O ESPEC\u00cdFICAS Y DE DISTANCIAMIENTO SOCIAL.<\/p>\n\n\n\n<p><a href=\"https:\/\/docm.castillalamancha.es\/portaldocm\/descargarArchivo.do?ruta=2020\/03\/17\/pdf\/2020_2159.pdf&amp;tipo=rutaDocm\">PUBLICACI\u00d3N DE LA FIRMEZA DEL ACUERDO DE CONCENTRACI\u00d3N PARCELARIA DE VILLACADIMA<\/a>&nbsp;<\/p>\n\n\n\n<p>&nbsp;***** Con fecha 17 de Marzo de 2020 se ha publicado la Firmeza en v\u00eda administrativa del acuerdo de la Concentraci\u00f3n Parcelaria de car\u00e1cter privado de la zona de Villacadima.<\/p>\n\n\n\n<p><strong>PLANOS DEL AMOJONAMIENTO<\/strong><\/p>\n\n\n\n<p><a href=\"https:\/\/www.gihemar.com\/pdf\/concentracion\/VILLACADIMA\/POL101\">POL101<\/a> \u00a0 \u00a0 \u00a0\u00a0<a href=\"https:\/\/www.gihemar.com\/pdf\/concentracion\/VILLACADIMA\/POL102.pdf\">POL102<\/a> \u00a0 \u00a0 \u00a0 \u00a0<a href=\"https:\/\/www.gihemar.com\/pdf\/concentracion\/VILLACADIMA\/POL103.pdf\">POL 103<\/a> \u00a0 \u00a0 \u00a0 \u00a0 <a href=\"https:\/\/www.gihemar.com\/pdf\/concentracion\/VILLACADIMA\/POL104.pdf\">\u00a0POL 104<\/a> \u00a0 \u00a0 \u00a0 <a href=\"https:\/\/www.gihemar.com\/pdf\/concentracion\/VILLACADIMA\/POL105.pdf\">POL 105<\/a><\/p>\n\n\n\n<p><a href=\"https:\/\/www.gihemar.com\/pdf\/concentracion\/VILLACADIMA\/POL106.pdf\">POL 106<\/a>\u00a0 \u00a0 \u00a0\u00a0<a href=\"https:\/\/www.gihemar.com\/pdf\/concentracion\/VILLACADIMA\/POL107.pdf\">POL 107<\/a>\u00a0 \u00a0 \u00a0 <a href=\"https:\/\/www.gihemar.com\/pdf\/concentracion\/VILLACADIMA\/POL108.pdf\">POL 108<\/a> \u00a0 \u00a0 \u00a0 \u00a0 \u00a0<a href=\"https:\/\/www.gihemar.com\/pdf\/concentracion\/VILLACADIMA\/POL109.pdf\">POL 109<\/a> \u00a0 \u00a0 \u00a0<a href=\"https:\/\/www.gihemar.com\/pdf\/concentracion\/VILLACADIMA\/POL110.pdf\"> POL 110<\/a><\/p>\n\n\n\n<p>********** PUBLICACI\u00d3N DEL ACUERDO DE CONCENTRACI\u00d3N PARCELARIA DE VILLACADIMA **********&nbsp;<\/p>\n\n\n\n<p>&nbsp;Con fecha &nbsp; 4 de marzo de 2016 se ha publicado la resolucion del <a href=\"http:\/\/docm.castillalamancha.es\/portaldocm\/descargarArchivo.do?ruta=2016\/03\/04\/pdf\/2016_2288.pdf&amp;tipo=rutaDocm\">Acuerdo de Concentraci\u00f3n<\/a> parcelaria<\/p>\n\n\n\n<p>&nbsp;En los planos pueden observar la ubiciaci\u00f3n de las nuevas fincs de reemplazo.<\/p>\n\n\n\n<p><strong><em>Planos del Acuerdo:<\/em><\/strong><\/p>\n\n\n\n<p><a href=\"https:\/\/www.gihemar.com\/cartodigital\/gis\/temp\/villacadima\/P_101_GIRADO_FP.pdf\">Pol\u00edgono 101<\/a>.<\/p>\n\n\n\n<p><a href=\"https:\/\/www.gihemar.com\/cartodigital\/gis\/temp\/villacadima\/P-102_girado_FP.pdf\">Pol\u00edgono 102.<\/a><\/p>\n\n\n\n<p>\u00a0<a href=\"https:\/\/www.gihemar.com\/cartodigital\/gis\/temp\/villacadima\/P-103_FP.pdf\">Pol\u00edgono 103.<\/a>\u00a0<\/p>\n\n\n\n<p><a href=\"https:\/\/www.gihemar.com\/cartodigital\/gis\/temp\/villacadima\/P-104_FP.pdf\">Pol\u00edgono 104.<\/a><\/p>\n\n\n\n<p>\u00a0<a href=\"https:\/\/www.gihemar.com\/cartodigital\/gis\/temp\/villacadima\/P-105_FP.pdf\">Pol\u00edgono 105.<\/a>\u00a0<\/p>\n\n\n\n<p><a href=\"https:\/\/www.gihemar.com\/cartodigital\/gis\/temp\/villacadima\/P-106_FP.pdf\">Pol\u00edgono 106.<\/a><\/p>\n\n\n\n<p>\u00a0<a href=\"https:\/\/www.gihemar.com\/cartodigital\/gis\/temp\/villacadima\/P-107_FP.pdf\">Pol\u00edgono 107.<\/a>\u00a0<\/p>\n\n\n\n<p><a href=\"https:\/\/www.gihemar.com\/cartodigital\/gis\/temp\/villacadima\/P-108_FP.pdf\">Pol\u00edgono 108.<\/a><\/p>\n\n\n\n<p>&nbsp;&lt;a href=\u00bb..\/cartodigital\/gis\/temp\/villacadima<\/p>\n","protected":false},"excerpt":{"rendered":"<p>Villacadima &#8211; T. M. Cantalojas VILLACADIMA \u00b7 Promotor: Asociaci\u00f3n Cadima \u00b7 T\u00e9cnico: \u00c1ngel Cano Sanz &#8211; acano@gihemar.com Esta direcci\u00f3n electr\u00f3nica esta protegida contra spam bots. Necesita activar JavaScript para visualizarla Rebeca Piquero Rodr\u00edguez &#8211; rebeca@gihemar.com \u00b7 Presentaci\u00f3n de la Solicitud:20 &#8211; junio &#8211; 2002 \u00b7 Resoluci\u00f3n Aprobatoria: 6 &#8211; mayo &#8211; 2003 por la Direcci\u00f3n [&hellip;]<\/p>\n","protected":false},"author":2,"featured_media":0,"parent":0,"menu_order":0,"comment_status":"closed","ping_status":"closed","template":"","meta":{"footnotes":""},"class_list":["post-143","page","type-page","status-publish","hentry"],"_links":{"self":[{"href":"https:\/\/www.gihemar.com\/web3\/index.php\/wp-json\/wp\/v2\/pages\/143","targetHints":{"allow":["GET"]}}],"collection":[{"href":"https:\/\/www.gihemar.com\/web3\/index.php\/wp-json\/wp\/v2\/pages"}],"about":[{"href":"https:\/\/www.gihemar.com\/web3\/index.php\/wp-json\/wp\/v2\/types\/page"}],"author":[{"embeddable":true,"href":"https:\/\/www.gihemar.com\/web3\/index.php\/wp-json\/wp\/v2\/users\/2"}],"replies":[{"embeddable":true,"href":"https:\/\/www.gihemar.com\/web3\/index.php\/wp-json\/wp\/v2\/comments?post=143"}],"version-history":[{"count":8,"href":"https:\/\/www.gihemar.com\/web3\/index.php\/wp-json\/wp\/v2\/pages\/143\/revisions"}],"predecessor-version":[{"id":332,"href":"https:\/\/www.gihemar.com\/web3\/index.php\/wp-json\/wp\/v2\/pages\/143\/revisions\/332"}],"wp:attachment":[{"href":"https:\/\/www.gihemar.com\/web3\/index.php\/wp-json\/wp\/v2\/media?parent=143"}],"curies":[{"name":"wp","href":"https:\/\/api.w.org\/{rel}","templated":true}]}}