{"id":21,"date":"2021-03-12T18:30:46","date_gmt":"2021-03-12T18:30:46","guid":{"rendered":"https:\/\/www.gihemar.com\/web3\/?page_id=21"},"modified":"2023-03-13T12:42:09","modified_gmt":"2023-03-13T12:42:09","slug":"inicio","status":"publish","type":"page","link":"https:\/\/www.gihemar.com\/web3\/","title":{"rendered":""},"content":{"rendered":"\t\t<div data-elementor-type=\"wp-page\" data-elementor-id=\"21\" class=\"elementor elementor-21\" data-elementor-settings=\"[]\">\n\t\t\t\t\t\t\t<div class=\"elementor-section-wrap\">\n\t\t\t\t\t\t\t<section class=\"elementor-section elementor-top-section elementor-element elementor-element-6f6bb7af elementor-section-boxed elementor-section-height-default elementor-section-height-default\" data-id=\"6f6bb7af\" data-element_type=\"section\">\n\t\t\t\t\t\t<div class=\"elementor-container elementor-column-gap-default\">\n\t\t\t\t\t<div class=\"elementor-column elementor-col-100 elementor-top-column elementor-element elementor-element-3e3c33ce\" data-id=\"3e3c33ce\" data-element_type=\"column\">\n\t\t\t<div class=\"elementor-widget-wrap elementor-element-populated\">\n\t\t\t\t\t\t\t\t<div class=\"elementor-element elementor-element-41471137 elementor-widget elementor-widget-text-editor\" data-id=\"41471137\" data-element_type=\"widget\" data-widget_type=\"text-editor.default\">\n\t\t\t\t<div class=\"elementor-widget-container\">\n\t\t\t\t\t<div class=\"elementor-text-editor elementor-clearfix\"><p>El medio rural es nuestro trabajo<\/p><p>&#8211; Concentraci\u00f3n parcelaria<\/p><p>&#8211; Recuperaci\u00f3n de Vias Pecuarias<\/p><p>&#8211; Servicios t\u00e9cnicos agr\u00edcolas<\/p><p><img loading=\"lazy\" decoding=\"async\" src=\"https:\/\/www.gihemar.com\/web3\/wp-content\/uploads\/2021\/03\/procesos-de-concentracion-parcelaria.jpg\" alt=\"\" width=\"600\" height=\"399\" \/><br \/><img loading=\"lazy\" decoding=\"async\" src=\"https:\/\/www.gihemar.com\/web3\/wp-content\/uploads\/2021\/03\/agriculture-3195381_1280.jpg\" alt=\"\" width=\"519\" height=\"345\" \/><\/p><h2>ELIJE UNO DE LOS PUEBLOS DONDE ESTAMOS TRABAJANDO:<\/h2><p><a role=\"button\" href=\"#\"><br \/>Madrid<br \/><\/a><\/p><ul><li><a href=\"https:\/\/www.gihemar.com\/web3\/index.php\/estremera\">Estremera<\/a><\/li><li><a href=\"https:\/\/www.gihemar.com\/web3\/index.php\/fuentiduena-de-tajo\/\">Fuentidue\u00f1a de Tajo<\/a><\/li><li><a href=\"https:\/\/www.gihemar.com\/web3\/index.php\/villamanrique-de-tajo\/\">Villamanrique de Tajo<\/a><\/li><\/ul><p><a role=\"button\" href=\"#\"><br \/>Guadalajara<br \/><\/a><\/p><ul><li><a href=\"https:\/\/www.gihemar.com\/web3\/index.php\/alaminos\">Alaminos<\/a><\/li><li><a href=\"https:\/\/www.gihemar.com\/web3\/index.php\/algar-de-mesa\/\">Algar de Mesa<\/a><\/li><li><a href=\"https:\/\/www.gihemar.com\/web3\/index.php\/armallones\">Armallones<\/a><\/li><li><a href=\"https:\/\/www.gihemar.com\/web3\/index.php\/baides\">Baides<\/a><\/li><li><a href=\"https:\/\/www.gihemar.com\/web3\/index.php\/canales-del-ducado\/\">Canales del Ducado<\/a><\/li><li><a href=\"https:\/\/www.gihemar.com\/web3\/index.php\/carrascosa-de-tajo\/\">Carrascosa de Tajo<\/a><\/li><li><a href=\"https:\/\/www.gihemar.com\/web3\/index.php\/los-condemios\/\">Los Condemios<\/a><\/li><li><a href=\"https:\/\/www.gihemar.com\/web3\/index.php\/el-olivar\/\">El Olivar<\/a><\/li><li><a href=\"https:\/\/www.gihemar.com\/web3\/index.php\/Escamilla\/\" target=\"_blank\" rel=\"noopener\">Escamilla<\/a><\/li><li><a href=\"https:\/\/www.gihemar.com\/web3\/index.php\/esplegares\">Esplegares<\/a><\/li><li><a href=\"https:\/\/www.gihemar.com\/web3\/index.php\/galve-de-sorbe\/\">Galve de Sorbe<\/a><\/li><li><a href=\"https:\/\/www.gihemar.com\/web3\/index.php\/gargoles\">G\u00e1rgoles<\/a><\/li><li><a href=\"https:\/\/www.gihemar.com\/web3\/index.php\/huetos\">Huetos<\/a><\/li><li><a href=\"https:\/\/www.gihemar.com\/web3\/index.php\/las-inviernas\/\">Las Inviernas<\/a><\/li><li><a href=\"https:\/\/www.gihemar.com\/web3\/index.php\/monasterio\">Monasterio<\/a><\/li><li><a href=\"https:\/\/www.gihemar.com\/web3\/index.php\/ocentejo\">Ocentejo<\/a><\/li><li><a href=\"https:\/\/www.gihemar.com\/web3\/index.php\/romancos\">Romancos<\/a><\/li><li><a href=\"https:\/\/www.gihemar.com\/web3\/index.php\/santa-maria-del-espino\/\">Santa Mar\u00eda del Espino<\/a><\/li><li><a href=\"https:\/\/www.gihemar.com\/web3\/index.php\/villacadima\">Villacadima<\/a><\/li><li><a href=\"https:\/\/www.gihemar.com\/web3\/index.php\/el-ordial\/\" target=\"_blank\" rel=\"noopener\">El Ordial<\/a><\/li><\/ul><p><a role=\"button\" href=\"#\"><br \/>\u00c1vila<br \/><\/a><\/p><ul><li><a href=\"https:\/\/www.gihemar.com\/web3\/index.php\/alamedilla-del-berrocal\/\">Alamedilla del Berrocal<\/a><\/li><li><a href=\"https:\/\/www.gihemar.com\/web3\/index.php\/chamartin\">Chamart\u00edn<\/a><\/li><\/ul><p><a role=\"button\" href=\"#\"><br \/>Cuenca<br \/><\/a><\/p><ul><li><a href=\"https:\/\/www.gihemar.com\/web3\/index.php\/el-pozuelo\/\">El Pozuelo<\/a><\/li><\/ul><\/div>\n\t\t\t\t<\/div>\n\t\t\t\t<\/div>\n\t\t\t\t\t<\/div>\n\t\t<\/div>\n\t\t\t\t\t\t\t<\/div>\n\t\t<\/section>\n\t\t\t\t\t\t<\/div>\n\t\t\t\t\t<\/div>\n\t\t","protected":false},"excerpt":{"rendered":"<p>El medio rural es nuestro trabajo &#8211; Concentraci\u00f3n parcelaria &#8211; Recuperaci\u00f3n de Vias Pecuarias &#8211; Servicios t\u00e9cnicos agr\u00edcolas ELIJE UNO DE LOS PUEBLOS DONDE ESTAMOS TRABAJANDO: Madrid Estremera Fuentidue\u00f1a de Tajo Villamanrique de Tajo Guadalajara Alaminos Algar de Mesa Armallones Baides Canales del Ducado Carrascosa de Tajo Los Condemios El Olivar Escamilla Esplegares Galve de [&hellip;]<\/p>\n","protected":false},"author":2,"featured_media":0,"parent":0,"menu_order":0,"comment_status":"closed","ping_status":"closed","template":"","meta":{"footnotes":""},"class_list":["post-21","page","type-page","status-publish","hentry"],"_links":{"self":[{"href":"https:\/\/www.gihemar.com\/web3\/index.php\/wp-json\/wp\/v2\/pages\/21","targetHints":{"allow":["GET"]}}],"collection":[{"href":"https:\/\/www.gihemar.com\/web3\/index.php\/wp-json\/wp\/v2\/pages"}],"about":[{"href":"https:\/\/www.gihemar.com\/web3\/index.php\/wp-json\/wp\/v2\/types\/page"}],"author":[{"embeddable":true,"href":"https:\/\/www.gihemar.com\/web3\/index.php\/wp-json\/wp\/v2\/users\/2"}],"replies":[{"embeddable":true,"href":"https:\/\/www.gihemar.com\/web3\/index.php\/wp-json\/wp\/v2\/comments?post=21"}],"version-history":[{"count":93,"href":"https:\/\/www.gihemar.com\/web3\/index.php\/wp-json\/wp\/v2\/pages\/21\/revisions"}],"predecessor-version":[{"id":722,"href":"https:\/\/www.gihemar.com\/web3\/index.php\/wp-json\/wp\/v2\/pages\/21\/revisions\/722"}],"wp:attachment":[{"href":"https:\/\/www.gihemar.com\/web3\/index.php\/wp-json\/wp\/v2\/media?parent=21"}],"curies":[{"name":"wp","href":"https:\/\/api.w.org\/{rel}","templated":true}]}}