{"id":603,"date":"2022-08-01T07:38:24","date_gmt":"2022-08-01T07:38:24","guid":{"rendered":"https:\/\/www.gihemar.com\/web3\/?page_id=603"},"modified":"2022-08-05T10:18:39","modified_gmt":"2022-08-05T10:18:39","slug":"escamilla","status":"publish","type":"page","link":"https:\/\/www.gihemar.com\/web3\/index.php\/escamilla\/","title":{"rendered":"Escamilla"},"content":{"rendered":"\t\t<div data-elementor-type=\"wp-page\" data-elementor-id=\"603\" class=\"elementor elementor-603\" data-elementor-settings=\"[]\">\n\t\t\t\t\t\t\t<div class=\"elementor-section-wrap\">\n\t\t\t\t\t\t\t<section class=\"elementor-section elementor-top-section elementor-element elementor-element-2aaf528c elementor-section-boxed elementor-section-height-default elementor-section-height-default\" data-id=\"2aaf528c\" data-element_type=\"section\">\n\t\t\t\t\t\t<div class=\"elementor-container elementor-column-gap-default\">\n\t\t\t\t\t<div class=\"elementor-column elementor-col-100 elementor-top-column elementor-element elementor-element-5cf275fc\" data-id=\"5cf275fc\" data-element_type=\"column\">\n\t\t\t<div class=\"elementor-widget-wrap elementor-element-populated\">\n\t\t\t\t\t\t\t\t<div class=\"elementor-element elementor-element-3f35918c elementor-widget elementor-widget-text-editor\" data-id=\"3f35918c\" data-element_type=\"widget\" data-widget_type=\"text-editor.default\">\n\t\t\t\t<div class=\"elementor-widget-container\">\n\t\t\t\t\t<div class=\"elementor-text-editor elementor-clearfix\"><p><!-- wp:paragraph --><\/p>\n<p><!-- \/wp:paragraph --><\/p>\n<p><!-- wp:paragraph --><\/p>\n<p>Carta enviada v\u00eda e-mail:<\/p>\n<p><!-- \/wp:paragraph --><\/p>\n<p><!-- wp:paragraph --><\/p>\n<p>Estimado propietario de fincas r\u00fasticas en Escamilla:<\/p>\n<p><!-- \/wp:paragraph --><\/p>\n<p><!-- wp:paragraph --><\/p>\n<p>Como ya sabemos la propiedad de fincas r\u00fasticas privadas de Escamilla, se encuentra seriamente fragmentada y dividida en multitud de propietarios, muchos de ellos ya fallecidos. Es frecuente encontrarse que un solo propietario cuenta con varias parcelas separadas entre s\u00ed y situadas de forma dispersa, dando lugar al desconocimiento de la superficie exacta de las mismas e incluso, al desconocimiento de su ubicaci\u00f3n, con la consiguiente incertidumbre frente a posibles acciones de compra-venta y fundamentalmente de las herencias.&nbsp;<\/p>\n<p><!-- \/wp:paragraph --><\/p>\n<p><!-- wp:paragraph --><\/p>\n<p>Se entiende el valor sentimental y arraigo de cada propietario por sus parcelas, pero se ofrece una opci\u00f3n beneficiosa y rentable para dar valor a la propiedad ya que se devolver\u00e1 una parcela de mayor tama\u00f1o, con t\u00edtulo de propiedad, amojonada y con acceso a camino.&nbsp;<\/p>\n<p><!-- \/wp:paragraph --><\/p>\n<p><!-- wp:paragraph --><\/p>\n<p>Actualmente, parece ser que los esfuerzos que realiza la Consejer\u00eda de Agricultura y Ganader\u00eda en materia de Concentraci\u00f3n Parcelaria de car\u00e1cter p\u00fablico van dirigidos, sobre todo, a nuevas concentraciones en zonas de regad\u00edo o reconcentraciones en zonas de cultivo.<\/p>\n<p><!-- \/wp:paragraph --><\/p>\n<p><!-- wp:paragraph --><\/p>\n<p>Dado que el T\u00e9rmino municipal no re\u00fane est\u00e1s condiciones, se deber\u00eda iniciar el proceso de solicitud de concentraci\u00f3n parcelaria de forma particular.&nbsp;<\/p>\n<p><!-- \/wp:paragraph --><\/p>\n<p><!-- wp:paragraph --><\/p>\n<p>El nuevo Decreto de fecha 1 de junio de 2021 aprueba el reglamento de Concentraci\u00f3n Parcelaria de Castilla La Mancha y prev\u00e9 la posibilidad de realizar Concentraciones Parcelarias de Car\u00e1cter Privado. Dicho proceso de concentraci\u00f3n lleva un coste que deber\u00e1 ser sufragado entre todos los propietarios interesados.<\/p>\n<p><!-- \/wp:paragraph --><\/p>\n<p><!-- wp:paragraph --><\/p>\n<p>Es por ello que le informamos que se han comenzado los trabajos para realizar la solicitud de la Concentraci\u00f3n Parcelaria de car\u00e1cter privado en el municipio.<\/p>\n<p><!-- \/wp:paragraph --><\/p>\n<p><!-- wp:paragraph --><\/p>\n<p>El primer paso antes de poder iniciar el proceso es demostrar la aceptaci\u00f3n social del proyecto, en el municipio. Para ello ser\u00e1 necesario presentar la conformidad de los propietarios que ellos sumen el 95% de la superficie propuesta en concentraci\u00f3n.<\/p>\n<p><!-- \/wp:paragraph --><\/p>\n<p><!-- wp:paragraph --><\/p>\n<p>Por ello si est\u00e1 interesado, es necesario que se rellenen los formularios y se env\u00eden a la empresa encargada del inicio de los trabajos.<\/p>\n<p><!-- \/wp:paragraph --><\/p>\n<p><!-- wp:paragraph --><\/p>\n<p>Los formularios se pueden descargar directamente en el apartado de concentraci\u00f3n parcelaria, en la web de la empresa&nbsp; www.gihemar.com, o si lo desean, se la podemos enviar por email o correo ordinario a la direcci\u00f3n postal y persona que nos indiquen.<\/p>\n<p><!-- \/wp:paragraph --><\/p>\n<p><!-- wp:paragraph --><\/p>\n<p>Deber\u00e1n devolver los impresos cumplimentados, y fotocopia del DNI de los solicitantes, mediante correo postal a la direcci\u00f3n de la empresa encargada de los trabajos, en donde tambi\u00e9n podr\u00e1n realizar las consultas o dudas que estimen oportunas en:<\/p>\n<p><!-- \/wp:paragraph --><\/p>\n<p><!-- wp:heading --><\/p>\n<h2>Gihemar, S.A.<br>C\/ Cincel 4, Oficina 16<br>28522 Rivas-Vaciamadrid<br>Madrid<br>Email: oficina@gihemar.com<br>Tf.: 91 388 35 07<\/h2>\n<p><!-- \/wp:heading --><\/p>\n<p><!-- wp:paragraph --><\/p>\n<p><strong>Con el fin de optimizar nuestro tiempo rogamos nos hagan llegar sus consultas mediante correo electr\u00f3nico.&nbsp;<\/strong><\/p>\n<p><!-- \/wp:paragraph --><\/p>\n<p><!-- wp:paragraph --><\/p>\n<p><strong>Si desean una consulta directa, telef\u00f3nica o presencial en nuestras oficinas, puede hacerlo perfectamente, ind\u00edquenos por e-mail esta circunstancia y nos pondremos en contacto con usted.<\/strong><\/p>\n<p><!-- \/wp:paragraph --><\/p>\n<p><!-- wp:paragraph --><\/p>\n<p><strong>Tambi\u00e9n les agradecer\u00edamos que hagan part\u00edcipes de esta iniciativa a sus amigos y familiares, por si todav\u00eda no tuviesen conocimiento de la misma.<\/strong><\/p>\n<p><!-- \/wp:paragraph --><\/p>\n<p><!-- wp:separator --><\/p>\n<hr>\n<p><!-- \/wp:separator --><\/p>\n<p><!-- wp:heading --><\/p>\n<h2>IMPRESOS :<\/h2>\n<p><!-- \/wp:heading --><\/p>\n<p><!-- wp:paragraph --><\/p>\n<p><a href=\"https:\/\/gihemar.com\/pdf\/concentracion\/ESCAMILLA\/HOJA_impreso_DE_SOLICITUD.pdf\">Impreso general de solicitud<\/a><a href=\"https:\/\/gihemar.com\/temp\/HOJA_impreso_DE_SOLICITUD.doc\">.<\/a> Formato pdf<\/p>\n<p><a href=\"https:\/\/gihemar.com\/pdf\/concentracion\/ESCAMILLA\/HOJA_impreso_DE_SOLICITUD.doc\" target=\"_blank\" rel=\"noopener\">Impreso general de solicitud.<\/a> Formato doc<\/p>\n<p><\/p>\n<p><!-- \/wp:paragraph --><\/p>\n<p><!-- wp:paragraph --><\/p>\n<p>Impreso para el caso de cotitulares de parcelas, como por ejemplo hermanos que deseen seguir compartiendo&nbsp; las fincas que han heredado:<\/p>\n<p><!-- \/wp:paragraph --><\/p>\n<p><!-- wp:paragraph --><\/p>\n<p><a href=\"https:\/\/gihemar.com\/pdf\/concentracion\/ESCAMILLA\/HOJA_impreso_proindiviso_DE_SOLICITUD.pdf\">Impreso Proindivisos<\/a><a href=\"https:\/\/gihemar.com\/temp\/HOJA_impreso_proindiviso_DE_SOLICITUD.doc\">.<\/a> Formato pdf<\/p>\n<p><\/p>\n<p><a href=\"https:\/\/gihemar.com\/pdf\/concentracion\/ESCAMILLA\/HOJA_impreso_proindiviso_DE_SOLICITUD.doc\" target=\"_blank\">Impreso Proindivisos.<\/a><a href=\"https:\/\/gihemar.com\/temp\/HOJA_impreso_proindiviso_DE_SOLICITUD.doc\"><\/a> Formato doc<\/p>\n<p><\/p>\n<p><!-- \/wp:paragraph --><\/p>\n<p><!-- wp:paragraph {\"align\":\"left\"} --><\/p>\n<p>&nbsp; &nbsp; &nbsp; &nbsp; &nbsp; &nbsp; &nbsp; &nbsp; &nbsp; &nbsp; &nbsp; &nbsp; &nbsp; &nbsp; &nbsp; &nbsp; &nbsp; &nbsp; &nbsp; &nbsp; &nbsp; &nbsp; NO <i>O<\/i>LVIDE ADJUNTAR FOTOCOPIA DEL DNI DE TODOS LOS FIRMANTES<\/p>\n<p><!-- \/wp:paragraph --><\/p><\/div>\n\t\t\t\t<\/div>\n\t\t\t\t<\/div>\n\t\t\t\t\t<\/div>\n\t\t<\/div>\n\t\t\t\t\t\t\t<\/div>\n\t\t<\/section>\n\t\t\t\t\t\t<\/div>\n\t\t\t\t\t<\/div>\n\t\t","protected":false},"excerpt":{"rendered":"<p>Carta enviada v\u00eda e-mail: Estimado propietario de fincas r\u00fasticas en Escamilla: Como ya sabemos la propiedad de fincas r\u00fasticas privadas de Escamilla, se encuentra seriamente fragmentada y dividida en multitud de propietarios, muchos de ellos ya fallecidos. Es frecuente encontrarse que un solo propietario cuenta con varias parcelas separadas entre s\u00ed y situadas de forma [&hellip;]<\/p>\n","protected":false},"author":2,"featured_media":0,"parent":0,"menu_order":0,"comment_status":"closed","ping_status":"closed","template":"","meta":{"footnotes":""},"class_list":["post-603","page","type-page","status-publish","hentry"],"_links":{"self":[{"href":"https:\/\/www.gihemar.com\/web3\/index.php\/wp-json\/wp\/v2\/pages\/603","targetHints":{"allow":["GET"]}}],"collection":[{"href":"https:\/\/www.gihemar.com\/web3\/index.php\/wp-json\/wp\/v2\/pages"}],"about":[{"href":"https:\/\/www.gihemar.com\/web3\/index.php\/wp-json\/wp\/v2\/types\/page"}],"author":[{"embeddable":true,"href":"https:\/\/www.gihemar.com\/web3\/index.php\/wp-json\/wp\/v2\/users\/2"}],"replies":[{"embeddable":true,"href":"https:\/\/www.gihemar.com\/web3\/index.php\/wp-json\/wp\/v2\/comments?post=603"}],"version-history":[{"count":12,"href":"https:\/\/www.gihemar.com\/web3\/index.php\/wp-json\/wp\/v2\/pages\/603\/revisions"}],"predecessor-version":[{"id":629,"href":"https:\/\/www.gihemar.com\/web3\/index.php\/wp-json\/wp\/v2\/pages\/603\/revisions\/629"}],"wp:attachment":[{"href":"https:\/\/www.gihemar.com\/web3\/index.php\/wp-json\/wp\/v2\/media?parent=603"}],"curies":[{"name":"wp","href":"https:\/\/api.w.org\/{rel}","templated":true}]}}