{"id":769,"date":"2024-11-18T11:18:59","date_gmt":"2024-11-18T11:18:59","guid":{"rendered":"https:\/\/www.gihemar.com\/web3\/?page_id=769"},"modified":"2025-04-08T09:42:18","modified_gmt":"2025-04-08T09:42:18","slug":"yebra","status":"publish","type":"page","link":"https:\/\/www.gihemar.com\/web3\/index.php\/yebra\/","title":{"rendered":"YEBRA"},"content":{"rendered":"\t\t<div data-elementor-type=\"wp-page\" data-elementor-id=\"769\" class=\"elementor elementor-769\" data-elementor-settings=\"[]\">\n\t\t\t\t\t\t\t<div class=\"elementor-section-wrap\">\n\t\t\t\t\t\t\t<section class=\"elementor-section elementor-top-section elementor-element elementor-element-69ecf0de elementor-section-boxed elementor-section-height-default elementor-section-height-default\" data-id=\"69ecf0de\" data-element_type=\"section\">\n\t\t\t\t\t\t<div class=\"elementor-container elementor-column-gap-default\">\n\t\t\t\t\t<div class=\"elementor-column elementor-col-100 elementor-top-column elementor-element elementor-element-1351e6bc\" data-id=\"1351e6bc\" data-element_type=\"column\">\n\t\t\t<div class=\"elementor-widget-wrap elementor-element-populated\">\n\t\t\t\t\t\t\t\t<div class=\"elementor-element elementor-element-6e50f14d elementor-widget elementor-widget-text-editor\" data-id=\"6e50f14d\" data-element_type=\"widget\" data-widget_type=\"text-editor.default\">\n\t\t\t\t<div class=\"elementor-widget-container\">\n\t\t\t\t\t<div class=\"elementor-text-editor elementor-clearfix\"><p class=\"wp-block-heading\" style=\"text-align: center;\">CONCENTRACI\u00d3N PARCELARIA DE INICIATIVA PRIVADA<\/p>\n<p><!-- \/wp:heading --><!-- wp:list {\"ordered\":true} --><\/p>\n<ol class=\"wp-block-list\">\n<li style=\"list-style-type: none;\">\n<ol class=\"wp-block-list\"><!-- wp:list-item --><\/ol>\n<\/li>\n<\/ol>\n<p><!-- \/wp:list-item --><\/p>\n<p><!-- \/wp:list --><!-- wp:paragraph --><\/p>\n<p>Como ya sabemos la propiedad de fincas r\u00fasticas privadas del <strong>T\u00e9rmino Municipal de Yebra<\/strong>, se encuentra seriamente fragmentada y dividida en multitud de propietarios, muchos de ellos ya fallecidos. Es frecuente encontrarse que un solo propietario cuenta con varias parcelas separadas entre s\u00ed y situadas de forma dispersa, dando lugar al desconocimiento de la superficie exacta de las mismas e incluso, al desconocimiento de su ubicaci\u00f3n, con la consiguiente incertidumbre frente a posibles acciones de compra-venta y fundamentalmente de las herencias.<\/p>\n<p><!-- \/wp:paragraph --><!-- wp:paragraph --><\/p>\n<p>Se entiende el valor sentimental y arraigo de cada propietario por sus parcelas, pero se ofrece una opci\u00f3n beneficiosa y rentable para dar valor a la propiedad ya que se devolver\u00e1 una parcela de mayor tama\u00f1o, con t\u00edtulo de propiedad, amojonada y con acceso a camino.<\/p>\n<p><!-- \/wp:paragraph --><!-- wp:paragraph --><\/p>\n<p>Tras la reuni\u00f3n mantenida con la empresa Gihemar S.A., especializada en Concentraciones Parcelarias, y tras aclararnos y explicarnos detalladamente el procedimiento, se ha decidido, contando con una amplia mayor\u00eda de propietarios, iniciar los trabajos para realizar la solicitud de la <strong>Concentraci\u00f3n Parcelaria<\/strong> de car\u00e1cter privado en el municipio.<\/p>\n<p><!-- \/wp:paragraph --><!-- wp:paragraph --><\/p>\n<p>Actualmente, parece ser que los esfuerzos que realiza la Consejer\u00eda de Agricultura y Ganader\u00eda en materia de Concentraci\u00f3n Parcelaria van dirigidos, sobre todo, a nuevas concentraciones en zonas de regad\u00edo o reconcentraciones en zonas de cultivo.<\/p>\n<p><!-- \/wp:paragraph --><!-- wp:paragraph --><\/p>\n<p>Dado que el T\u00e9rmino municipal no re\u00fane est\u00e1s condiciones, se deber\u00eda iniciar el proceso de solicitud de concentraci\u00f3n parcelaria de forma particular. La nueva ley de Concentraci\u00f3n Parcelaria preve\u00e9 la posibilidad de realizar Concentraciones Parcelarias de Car\u00e1cter Privado, teniendo dicho proceso de concentraci\u00f3n un coste que deber\u00e1 ser sufragado entre todos los propietarios interesados, incluyendo el Ayuntamiento.<\/p>\n<p><!-- \/wp:paragraph --><!-- wp:paragraph --><\/p>\n<p>Se estima que el coste por hect\u00e1rea ser\u00e1 de unos <strong>100 \u20ac + IVA<\/strong> aproximadamente. (Habr\u00eda que sumar los gastos del amojonamiento, en caso de la Consejer\u00eda de Agricultura no lo subvencionase)<\/p>\n<p><!-- \/wp:paragraph --><!-- wp:paragraph --><\/p>\n<p>El primer paso antes de poder iniciar el proceso es demostrar la aceptaci\u00f3n social del proyecto, en el municipio. Para ello ser\u00e1 necesario presentar la conformidad de 2\/3 de los propietarios o que entre los propietarios interesados sumen la mitad de la superficie propuesta en concentraci\u00f3n.<\/p><p><br><\/p>\n<p><\/p>\n<h3 style=\"text-align: center;\"><a href=\"http:\/\/gihemar.com\/pdf\/concentracion\/YEBRA\/Preguntas_frencuentes.pdf\"><span style=\"text-decoration: underline; color: #008000;\"><strong>PREGUNTAS FRECUENTES<\/strong><\/span><\/a><\/h3>\n<p><\/p>\n<h3 style=\"text-align: center;\"><a href=\"http:\/\/gihemar.com\/pdf\/concentracion\/YEBRA\/CARTA.pdf\"><span style=\"color: #008000;\"><strong>Carta informativa<\/strong><\/span><\/a><\/h3>\n<p><\/p>\n<p><!-- \/wp:paragraph --><!-- wp:paragraph --><\/p>\n<p><\/p>\n<p><!-- \/wp:paragraph --><!-- wp:separator --><\/p>\n<hr class=\"wp-block-separator has-alpha-channel-opacity\">\n<p><!-- \/wp:separator --><!-- wp:heading --><\/p>\n<h2>&nbsp;IMPRESOS :<\/h2>\n<p><!-- \/wp:heading --><!-- wp:paragraph --><\/p>\n<h3><a href=\"http:\/\/gihemar.com\/pdf\/concentracion\/YEBRA\/HOJA_impreso_DE_SOLICITUD.doc\">Impreso general de solicitud.<\/a><\/h3>\n<p><!-- \/wp:paragraph --><!-- wp:paragraph --><\/p>\n<h3><a href=\"http:\/\/gihemar.com\/pdf\/concentracion\/YEBRA\/HOJA_impreso_proindivisos.doc\">Impreso Proindivisos.<\/a><\/h3>\n<p><\/p>\n<hr>\n<p><!-- \/wp:paragraph --><!-- wp:paragraph --><\/p>\n<p><!-- \/wp:paragraph --><!-- wp:paragraph --><\/p>\n<p><\/p>\n<p><!-- \/wp:paragraph --><!-- wp:paragraph --><\/p>\n<p>T\u00e9cnicos:<\/p>\n<p><!-- \/wp:paragraph --><!-- wp:paragraph --><\/p>\n<p>Jes\u00fas M. Herreno Aragoneses: <a href=\"mailto:jherrero@gihemar.com\">jherrero@gihemar.com<\/a><\/p>\n<p><!-- \/wp:paragraph --><!-- wp:paragraph --><\/p>\n<p>Rebeca Piquero Rodr\u00edguez: <a href=\"mailto:rebeca@gihemar.com\">rebeca@gihemar.com<\/a><\/p>\n<p><!-- \/wp:paragraph --><!-- wp:paragraph --><\/p>\n<p>La direcci\u00f3n de la empresa encargada de los trabajos, en donde tambi\u00e9n podr\u00e1n realizar las consultas o dudas que estimen oportunas en:<\/p>\n<p style=\"text-align: center;\"><strong><em>Gihemar, S.A.<\/em><\/strong><\/p>\n<p style=\"text-align: center;\"><strong><!-- \/wp:paragraph --><!-- wp:paragraph --><\/strong><\/p>\n<p style=\"text-align: center;\"><strong><em>C\/ Cincel, 4, oficina 16<\/em><\/strong><\/p>\n<p style=\"text-align: center;\"><strong><!-- \/wp:paragraph --><!-- wp:paragraph --><\/strong><\/p>\n<p style=\"text-align: center;\"><strong><em>28522 Rivas-Vaciamadrid&nbsp;<\/em><\/strong><\/p>\n<p style=\"text-align: center;\"><strong><!-- \/wp:paragraph --><!-- wp:paragraph --><\/strong><\/p>\n<p style=\"text-align: center;\"><strong><em>Madrid<\/em><\/strong><\/p>\n<p style=\"text-align: center;\"><strong><!-- \/wp:paragraph --><!-- wp:paragraph --><\/strong><\/p>\n<p style=\"text-align: center;\"><strong><em>Email: <a href=\"mailto:oficina@gihemar.com\">oficina@gihemar.com<\/a><\/em><\/strong><\/p>\n<p style=\"text-align: center;\"><strong><!-- \/wp:paragraph --><!-- wp:paragraph --><\/strong><\/p>\n<p style=\"text-align: center;\"><strong><em>Tlf.: 91 388 35 07<\/em><\/strong><\/p>\n<p><b>&nbsp;<\/b><\/p>\n<p><b>Con el fin de optimizar nuestro tiempo rogamos nos hagan llegar sus consultas mediante correo electr\u00f3nico.&nbsp;<\/b><\/p>\n<p><b>Si desean una consulta directa, telef\u00f3nica o presencial en nuestras oficinas, puede hacerlo perfectamente, ind\u00edquenos por e-mail esta circunstancia y nos pondremos en contacto con usted.<\/b><\/p>\n<p><b>Tambi\u00e9n les agradecer\u00edamos que hagan part\u00edcipes de esta iniciativa a sus amigos y familiares, por si todav\u00eda no tuviesen conocimiento de la misma.<\/b><\/p>\n<p><\/p>\n<p><!-- \/wp:paragraph --><\/p>\n<p><\/p><\/div>\n\t\t\t\t<\/div>\n\t\t\t\t<\/div>\n\t\t\t\t\t<\/div>\n\t\t<\/div>\n\t\t\t\t\t\t\t<\/div>\n\t\t<\/section>\n\t\t\t\t\t\t<\/div>\n\t\t\t\t\t<\/div>\n\t\t","protected":false},"excerpt":{"rendered":"<p>CONCENTRACI\u00d3N PARCELARIA DE INICIATIVA PRIVADA Como ya sabemos la propiedad de fincas r\u00fasticas privadas del T\u00e9rmino Municipal de Yebra, se encuentra seriamente fragmentada y dividida en multitud de propietarios, muchos de ellos ya fallecidos. Es frecuente encontrarse que un solo propietario cuenta con varias parcelas separadas entre s\u00ed y situadas de forma dispersa, dando lugar [&hellip;]<\/p>\n","protected":false},"author":2,"featured_media":0,"parent":0,"menu_order":0,"comment_status":"closed","ping_status":"closed","template":"","meta":{"footnotes":""},"class_list":["post-769","page","type-page","status-publish","hentry"],"_links":{"self":[{"href":"https:\/\/www.gihemar.com\/web3\/index.php\/wp-json\/wp\/v2\/pages\/769","targetHints":{"allow":["GET"]}}],"collection":[{"href":"https:\/\/www.gihemar.com\/web3\/index.php\/wp-json\/wp\/v2\/pages"}],"about":[{"href":"https:\/\/www.gihemar.com\/web3\/index.php\/wp-json\/wp\/v2\/types\/page"}],"author":[{"embeddable":true,"href":"https:\/\/www.gihemar.com\/web3\/index.php\/wp-json\/wp\/v2\/users\/2"}],"replies":[{"embeddable":true,"href":"https:\/\/www.gihemar.com\/web3\/index.php\/wp-json\/wp\/v2\/comments?post=769"}],"version-history":[{"count":51,"href":"https:\/\/www.gihemar.com\/web3\/index.php\/wp-json\/wp\/v2\/pages\/769\/revisions"}],"predecessor-version":[{"id":853,"href":"https:\/\/www.gihemar.com\/web3\/index.php\/wp-json\/wp\/v2\/pages\/769\/revisions\/853"}],"wp:attachment":[{"href":"https:\/\/www.gihemar.com\/web3\/index.php\/wp-json\/wp\/v2\/media?parent=769"}],"curies":[{"name":"wp","href":"https:\/\/api.w.org\/{rel}","templated":true}]}}

<div data-elementor-type="wp-page" data-elementor-id="769" class="elementor elementor-769" data-elementor-settings="[]">
							<div class="elementor-section-wrap">
							<section class="elementor-section elementor-top-section elementor-element elementor-element-69ecf0de elementor-section-boxed elementor-section-height-default elementor-section-height-default" data-id="69ecf0de" data-element_type="section">
						<div class="elementor-container elementor-column-gap-default">
					<div class="elementor-column elementor-col-100 elementor-top-column elementor-element elementor-element-1351e6bc" data-id="1351e6bc" data-element_type="column">
			<div class="elementor-widget-wrap elementor-element-populated">
								<div class="elementor-element elementor-element-6e50f14d elementor-widget elementor-widget-text-editor" data-id="6e50f14d" data-element_type="widget" data-widget_type="text-editor.default">
				<div class="elementor-widget-container">
					<div class="elementor-text-editor elementor-clearfix"><p class="wp-block-heading" style="text-align: center;">CONCENTRACIÓN PARCELARIA DE INICIATIVA PRIVADA</p>
<p><!-- /wp:heading --><!-- wp:list {"ordered":true} --></p>
<ol class="wp-block-list">
<li style="list-style-type: none;">
<ol class="wp-block-list"><!-- wp:list-item --></ol>
</li>
</ol>
<p><!-- /wp:list-item --></p>
<p><!-- /wp:list --><!-- wp:paragraph --></p>
<p>Como ya sabemos la propiedad de fincas rústicas privadas del <strong>Término Municipal de Yebra</strong>, se encuentra seriamente fragmentada y dividida en multitud de propietarios, muchos de ellos ya fallecidos. Es frecuente encontrarse que un solo propietario cuenta con varias parcelas separadas entre sí y situadas de forma dispersa, dando lugar al desconocimiento de la superficie exacta de las mismas e incluso, al desconocimiento de su ubicación, con la consiguiente incertidumbre frente a posibles acciones de compra-venta y fundamentalmente de las herencias.</p>
<p><!-- /wp:paragraph --><!-- wp:paragraph --></p>
<p>Se entiende el valor sentimental y arraigo de cada propietario por sus parcelas, pero se ofrece una opción beneficiosa y rentable para dar valor a la propiedad ya que se devolverá una parcela de mayor tamaño, con título de propiedad, amojonada y con acceso a camino.</p>
<p><!-- /wp:paragraph --><!-- wp:paragraph --></p>
<p>Tras la reunión mantenida con la empresa Gihemar S.A., especializada en Concentraciones Parcelarias, y tras aclararnos y explicarnos detalladamente el procedimiento, se ha decidido, contando con una amplia mayoría de propietarios, iniciar los trabajos para realizar la solicitud de la <strong>Concentración Parcelaria</strong> de carácter privado en el municipio.</p>
<p><!-- /wp:paragraph --><!-- wp:paragraph --></p>
<p>Actualmente, parece ser que los esfuerzos que realiza la Consejería de Agricultura y Ganadería en materia de Concentración Parcelaria van dirigidos, sobre todo, a nuevas concentraciones en zonas de regadío o reconcentraciones en zonas de cultivo.</p>
<p><!-- /wp:paragraph --><!-- wp:paragraph --></p>
<p>Dado que el Término municipal no reúne estás condiciones, se debería iniciar el proceso de solicitud de concentración parcelaria de forma particular. La nueva ley de Concentración Parcelaria preveé la posibilidad de realizar Concentraciones Parcelarias de Carácter Privado, teniendo dicho proceso de concentración un coste que deberá ser sufragado entre todos los propietarios interesados, incluyendo el Ayuntamiento.</p>
<p><!-- /wp:paragraph --><!-- wp:paragraph --></p>
<p>Se estima que el coste por hectárea será de unos <strong>100 € + IVA</strong> aproximadamente. (Habría que sumar los gastos del amojonamiento, en caso de la Consejería de Agricultura no lo subvencionase)</p>
<p><!-- /wp:paragraph --><!-- wp:paragraph --></p>
<p>El primer paso antes de poder iniciar el proceso es demostrar la aceptación social del proyecto, en el municipio. Para ello será necesario presentar la conformidad de 2/3 de los propietarios o que entre los propietarios interesados sumen la mitad de la superficie propuesta en concentración.</p><p><br></p>
<p></p>
<h3 style="text-align: center;"><a href="http://gihemar.com/pdf/concentracion/YEBRA/Preguntas_frencuentes.pdf"><span style="text-decoration: underline; color: #008000;"><strong>PREGUNTAS FRECUENTES</strong></span></a></h3>
<p></p>
<h3 style="text-align: center;"><a href="http://gihemar.com/pdf/concentracion/YEBRA/CARTA.pdf"><span style="color: #008000;"><strong>Carta informativa</strong></span></a></h3>
<p></p>
<p><!-- /wp:paragraph --><!-- wp:paragraph --></p>
<p></p>
<p><!-- /wp:paragraph --><!-- wp:separator --></p>
<hr class="wp-block-separator has-alpha-channel-opacity">
<p><!-- /wp:separator --><!-- wp:heading --></p>
<h2>&nbsp;IMPRESOS :</h2>
<p><!-- /wp:heading --><!-- wp:paragraph --></p>
<h3><a href="http://gihemar.com/pdf/concentracion/YEBRA/HOJA_impreso_DE_SOLICITUD.doc">Impreso general de solicitud.</a></h3>
<p><!-- /wp:paragraph --><!-- wp:paragraph --></p>
<h3><a href="http://gihemar.com/pdf/concentracion/YEBRA/HOJA_impreso_proindivisos.doc">Impreso Proindivisos.</a></h3>
<p></p>
<hr>
<p><!-- /wp:paragraph --><!-- wp:paragraph --></p>
<p><!-- /wp:paragraph --><!-- wp:paragraph --></p>
<p></p>
<p><!-- /wp:paragraph --><!-- wp:paragraph --></p>
<p>Técnicos:</p>
<p><!-- /wp:paragraph --><!-- wp:paragraph --></p>
<p>Jesús M. Herreno Aragoneses: <a href="mailto:jherrero@gihemar.com">jherrero@gihemar.com</a></p>
<p><!-- /wp:paragraph --><!-- wp:paragraph --></p>
<p>Rebeca Piquero Rodríguez: <a href="mailto:rebeca@gihemar.com">rebeca@gihemar.com</a></p>
<p><!-- /wp:paragraph --><!-- wp:paragraph --></p>
<p>La dirección de la empresa encargada de los trabajos, en donde también podrán realizar las consultas o dudas que estimen oportunas en:</p>
<p style="text-align: center;"><strong><em>Gihemar, S.A.</em></strong></p>
<p style="text-align: center;"><strong><!-- /wp:paragraph --><!-- wp:paragraph --></strong></p>
<p style="text-align: center;"><strong><em>C/ Cincel, 4, oficina 16</em></strong></p>
<p style="text-align: center;"><strong><!-- /wp:paragraph --><!-- wp:paragraph --></strong></p>
<p style="text-align: center;"><strong><em>28522 Rivas-Vaciamadrid&nbsp;</em></strong></p>
<p style="text-align: center;"><strong><!-- /wp:paragraph --><!-- wp:paragraph --></strong></p>
<p style="text-align: center;"><strong><em>Madrid</em></strong></p>
<p style="text-align: center;"><strong><!-- /wp:paragraph --><!-- wp:paragraph --></strong></p>
<p style="text-align: center;"><strong><em>Email: <a href="mailto:oficina@gihemar.com">oficina@gihemar.com</a></em></strong></p>
<p style="text-align: center;"><strong><!-- /wp:paragraph --><!-- wp:paragraph --></strong></p>
<p style="text-align: center;"><strong><em>Tlf.: 91 388 35 07</em></strong></p>
<p><b>&nbsp;</b></p>
<p><b>Con el fin de optimizar nuestro tiempo rogamos nos hagan llegar sus consultas mediante correo electrónico.&nbsp;</b></p>
<p><b>Si desean una consulta directa, telefónica o presencial en nuestras oficinas, puede hacerlo perfectamente, indíquenos por e-mail esta circunstancia y nos pondremos en contacto con usted.</b></p>
<p><b>También les agradeceríamos que hagan partícipes de esta iniciativa a sus amigos y familiares, por si todavía no tuviesen conocimiento de la misma.</b></p>
<p></p>
<p><!-- /wp:paragraph --></p>
<p></p></div>
				</div>
				</div>
					</div>
		</div>
							</div>
		</section>
						</div>
					</div>

<p>CONCENTRACIÓN PARCELARIA DE INICIATIVA PRIVADA Como ya sabemos la propiedad de fincas rústicas privadas del Término Municipal de Yebra, se encuentra seriamente fragmentada y dividida en multitud de propietarios, muchos de ellos ya fallecidos. Es frecuente encontrarse que un solo propietario cuenta con varias parcelas separadas entre sí y situadas de forma dispersa, dando lugar [&hellip;]</p>
